nd n.
3
Let j = 868 - 864. Let t = 4 + -2. Suppose 5*s + 25 = 0, -4*k + 91 + 27 = t*s. What is the highest common divisor of k and j?
4
Suppose 8*n - 12 = 6*n. Let a = 61 + -12. Let m = -43 + a. Calculate the highest common divisor of m and n.
6
Let q(b) = 3*b - 13. Let g be q(5). Suppose -r = -10 - g. Let f be (-6)/(-8)*(0 - -128). Calculate the highest common divisor of r and f.
12
Let q be (177/9)/(2/(-6)). Let j = q + 60. Calculate the highest common factor of 4 and j.
1
Suppose 5*a - 861 = 679. Let b(f) = -29*f - 1. Let y be b(-1). Calculate the highest common divisor of y and a.
28
Suppose -19 = -t + 2*n - 4*n, -4*n - 165 = -5*t. Let k be (-2 + 4)/((-4)/(-290)). Calculate the greatest common factor of k and t.
29
Suppose 4*h + 25 = 3*h. Let u = 110 - h. Let a = -9 - -24. Calculate the highest common divisor of u and a.
15
Let i = -1003 - -1060. Suppose -3*c - 2*p + 47 + 63 = 0, c = -p + 36. What is the highest common factor of i and c?
19
Suppose -2*d = a - 59, 155 = 5*d + 2*a + 2*a. What is the greatest common factor of d and 27?
27
Let l be ((-2)/(-5))/((-4)/80). Let y(f) = -2 - 4*f - 283*f**2 + 291*f**2 - 5 + f**3 + 2*f. Let b be y(l). What is the greatest common divisor of b and 45?
9
Suppose -4*q + 3*o = -71, 16*o = -3*q + 19*o + 51. Calculate the greatest common divisor of q and 370.
10
Let n(u) = u**2 - 10*u + 7. Let l be n(10). Let q(c) = -c**2 + 10*c + 4. Let r be q(l). Calculate the highest common factor of r and 75.
25
Suppose 3888 = -16*d + 25*d. Calculate the highest common divisor of 96 and d.
48
Let x be (5 - (-26)/(-4))/((-9)/102). What is the greatest common factor of 4369 and x?
17
Suppose 77 = -10*v + 317. Calculate the greatest common factor of v and 648.
24
Let m(o) = o**3 + o**2 - o + 48. Let f be m(0). Suppose 3*r - 6*r + 5*c = -6, 4*r = c - 9. Let t = 3 - r. What is the highest common factor of f and t?
6
Let o = 3606 + -854. What is the highest common factor of o and 32?
32
Let u be -3*((-21)/(-14))/((-2)/4). Suppose -u = -t + 5*z, t = -2*t + 4*z + 27. Calculate the highest common factor of 108 and t.
9
Let o(s) = -9*s. Let q be o(-2). Let r = 108 - 193. Let t = -58 - r. What is the greatest common factor of q and t?
9
Suppose 33*f = 661 + 527. Suppose -l + 2 = 0, -j + l = -0*j - 7. Calculate the highest common divisor of j and f.
9
Suppose -10 = -6*x + 11*x. Let c(j) = j**3 + 4*j**2 + j - 2. Let s be c(x). Calculate the highest common divisor of s and 10.
2
Suppose -g + 5*b + 165 = 4*g, 4*g + 2*b - 102 = 0. Calculate the highest common divisor of 154 and g.
14
Let k be 21/14 - 1074/(-4). What is the highest common factor of 360 and k?
90
Let c(j) = -10*j + 7. Let m be c(1). Let k(z) = 4*z + 20. Let o be k(m). Calculate the highest common divisor of 24 and o.
8
Suppose 4*f = -4*d - f - 78, -f - 108 = 5*d. Let c be d/(-3)*6/4. Let o be 240/11 - (-2)/c. Calculate the highest common factor of 66 and o.
22
Let n(f) = -9*f - 237. Let j be n(-27). Let v = 6 - 8. Let i be 584/14 + v/(-7). Calculate the greatest common divisor of j and i.
6
Let t be 7/(-2)*6/(-3). Let l be (-6)/10 + (-318)/(-30). Let f be l/((-48)/(-21) + -2). Calculate the greatest common factor of f and t.
7
Let f = -946 - -954. Let h(q) be the second derivative of q**3/3 - 4*q**2 + q. Let b be h(f). What is the highest common factor of 72 and b?
8
Let g(o) = 12*o - 3. Let r(u) = -u. Let d(f) = -g(f) - 15*r(f). Let b be (-4)/36 + (-100)/(-9). Let s be d(b). What is the greatest common factor of 24 and s?
12
Let c(z) = 24*z + 184. Let k be c(23). Calculate the greatest common divisor of 23 and k.
23
Let v(f) = -40*f + 369. Let l be v(9). Calculate the greatest common divisor of l and 216.
9
Let m = -298 + 303. Suppose -5*k = -5*r - 25, 5 = -2*k - r - 0*r. Suppose k = -0*l + 4*l - 80. Calculate the greatest common factor of m and l.
5
Let x(i) = -3*i + 4. Let o be x(-13). What is the highest common factor of o and 172?
43
Let l(o) = -o**2 - 14*o + 17. Let f be l(-10). Calculate the highest common factor of f and 9.
3
Suppose 6*c - 23*c + 5440 = 0. What is the highest common factor of 10 and c?
10
Suppose -2*s = 4*d - 200, 3*s + d - 71 - 209 = 0. Calculate the highest common divisor of s and 8.
4
Let q = -391 + 440. Calculate the highest common factor of 84 and q.
7
Suppose -4*m - m = 2*f + 81, -5*m + 184 = -3*f. Let q = f - -93. Calculate the highest common factor of q and 360.
40
Let o(b) = 2*b**3 - 2*b**2 - 3*b - 7. Let f be o(3). Let w = 64 + f. What is the highest common divisor of 14 and w?
14
Let u be 1 - (5 + (8 - 40)). What is the highest common factor of 49 and u?
7
Suppose 516*h = 508*h + 16. What is the greatest common divisor of h and 9?
1
Let u = 143 + -143. Suppose 2*n - 66 = -5*q, -q + 2*q = u. Suppose -5 = -5*k, 4*k = -2*j + k + 47. Calculate the greatest common divisor of j and n.
11
Suppose 4*r - 3*a = 36, 3*r + 4*a = -45 + 72. What is the greatest common factor of r and 171?
9
Suppose 24 = 2*x + 2*x. Let a(j) = j**2 - 3*j + 5. Let k be a(x). What is the highest common factor of 92 and k?
23
Suppose s = -4*s + 3*d - 6, -3*d + 6 = -2*s. Suppose -2*v + p = -678 + 214, -3*p = s. Calculate the highest common divisor of 29 and v.
29
Suppose 27*r = 9*r + 4320. What is the greatest common factor of 144 and r?
48
Suppose 2*i = 48 - 184. Let l = 71 + i. Calculate the greatest common divisor of l and 3.
3
Let z(h) = 95*h - 909. Let j be z(11). Let a(s) = 17*s**2 + s + 1. Let f be a(-1). Calculate the highest common divisor of f and j.
17
Let t(d) = 38*d - 2. Let r be t(7). Let z be (2*9/(-15))/(5/(-100)). Calculate the highest common factor of r and z.
24
Suppose 0 = -3*i + d + 10, 0 = 5*i + 2*d - 6*d - 26. Suppose -f + 16 = -i. Calculate the highest common divisor of f and 9.
9
Suppose g = -0*t + 3*t - 4, 0 = 5*t - g - 8. Let p be 1/3 + 898/6 + t. What is the highest common factor of 8 and p?
8
Let i be (-2)/(-4)*2*7. Let d be (-210)/((-210)/14) - 13. Calculate the highest common divisor of i and d.
1
Suppose -t + 9 = 2*t. Let d(x) = -t*x + 0 + 0 - x. Let z be d(-3). What is the greatest common divisor of 4 and z?
4
Suppose 6*x + 108 = 8*x + 3*n, -4*n - 256 = -4*x. Calculate the highest common divisor of 220 and x.
20
Let z be 288/20 - (-90)/150. Let x be -6*(-1 + 7/(-3)). Suppose x*w = 15*w + z. Calculate the greatest common factor of 12 and w.
3
Suppose 5*x - 7 - 108 = 0. Calculate the highest common divisor of 23 and x.
23
Let f = -205 - -118. Let c = -67 - f. Let x be ((-6)/4)/(3/(-8)). What is the highest common factor of c and x?
4
Suppose 2*n - 8 = -j - 0, -4 = 4*j - 4*n. Let z be 15*j/8 + 63/(-84). Calculate the highest common divisor of z and 27.
3
Let t(p) = p**3 + 47*p**2 + 207*p - 26. Let o be t(-42). What is the greatest common divisor of 450 and o?
50
Suppose 2*v = 4*o + 318, 2*v + 0*o - 321 = 5*o. Let p = -188 + 31. Let n = p - -174. Calculate the greatest common factor of n and v.
17
Let z = 141 + -72. Let l(x) = 41*x + 187. Let y be l(-4). Calculate the greatest common factor of y and z.
23
Let k(a) = 3*a + 9. Let l be k(-3). Suppose 0*z = 3*s + 3*z - 36, -5*s + 2*z + 60 = l. Calculate the highest common factor of s and 24.
12
Suppose -50*o + 18*o = -608. What is the greatest common divisor of o and 152?
19
Suppose -3 = -6*p - 51. Let j be 6/(2/p + 2/2). Calculate the greatest common divisor of 28 and j.
4
Let f(j) = 1116*j**2 + 9*j. Let a be f(-1). Calculate the greatest common divisor of a and 27.
27
Let i = -519 - -541. What is the highest common factor of 121 and i?
11
Let r(u) = -34*u - 11. Let w be r(-8). What is the greatest common divisor of 29 and w?
29
Let a = -73 + 81. Calculate the greatest common factor of 424 and a.
8
Suppose 4*p - 2*p = 0, -2*j - 5*p = 70. Let t be j/14*(-22)/5. What is the highest common divisor of t and 22?
11
Let k(p) = 4*p**2 + 6. Let v be k(-3). Calculate the greatest common divisor of 14 and v.
14
Let c be (-14)/((-3)/(2 + 4)). Suppose -5*n - 3*y + 38 + c = 0, 0 = -n + 3*y + 24. What is the highest common divisor of n and 45?
15
Let g(j) = 4*j - 25. Let f be g(9). Suppose 14*l = f*l + 21. Calculate the greatest common divisor of l and 14.
7
Let y(t) = -t**3 - 17*t**2 + 14*t + 23. Let h be y(-18). Calculate the greatest common factor of 57 and h.
19
Let j = 8 - 4. Suppose 0 = -4*q - j*k 